

{"id":118,"date":"2023-10-19T07:39:07","date_gmt":"2023-10-19T07:39:07","guid":{"rendered":"https:\/\/nordic-oel.de\/?post_type=product&#038;p=118"},"modified":"2024-01-30T12:02:17","modified_gmt":"2024-01-30T12:02:17","slug":"d-4-chicken","status":"publish","type":"product","link":"https:\/\/nordic-oel.de\/?product=d-4-chicken","title":{"rendered":"\u00d6l f\u00fcr Hunde \u2013 Huhn (4%)"},"content":{"rendered":"<p>Entdecken Sie die ideale L\u00f6sung, um das allgemeine Wohlbefinden Ihres geliebten vierbeinigen Begleiters mit unserer sorgf\u00e4ltig entwickelten 4%igen \u00d6lmischung zu verbessern. Speziell konzipiert, um Entspannung und Unterst\u00fctzung zu bieten, ist dieses Produkt ein Beweis f\u00fcr unser Engagement f\u00fcr die Gesundheit Ihres Haustiers.<\/p>\n<p>Gewonnen aus den besten Pflanzenquellen, enth\u00e4lt dieses leistungsstarke \u00d6l eine harmonische Mischung nat\u00fcrlicher Verbindungen, die f\u00fcr ihr Potenzial zur F\u00f6rderung von Entspannung und Balance im System Ihres Hundes bekannt sind. Mit einem Gehalt von 4 % ist jede Pipette eine sorgf\u00e4ltig abgemessene Dosis dieser fachm\u00e4nnisch kuratierten Formel, die ein konsistentes und effektives Erlebnis f\u00fcr Ihr Haustier gew\u00e4hrleistet.<\/p>\n<p>Mit dem Geschmack Ihres Hundes im Hinterkopf, verf\u00fcgt unser \u00d6l \u00fcber einen k\u00f6stlichen H\u00fchnergescxhmack, der den Gaumen Ihres pelzigen Freundes verw\u00f6hnt. Verabschieden Sie sich von den Herausforderungen bei der Verabreichung von Nahrungserg\u00e4nzungsmitteln an Ihr Haustier, w\u00e4hrend es freudig auf seine t\u00e4gliche Dosis geschmackvoller G\u00fcte wartet.<\/p>\n<p>Mit akribischer Aufmerksamkeit f\u00fcr Qualit\u00e4t hergestellt, wird unser \u00d6l strengen Tests unterzogen, um sicherzustellen, dass es h\u00f6chsten Standards f\u00fcr Reinheit und Potenz entspricht. Wir verpflichten uns, ein Produkt anzubieten, dem Sie vertrauen k\u00f6nnen, und Ihnen die Gewissheit zu geben, dass Ihr treuer Begleiter nur das Beste erh\u00e4lt.<\/p>\n<p>Egal, ob Ihr Hund mit gelegentlichem Stress, k\u00f6rperlichem Unbehagen oder einfach nur mit etwas mehr F\u00fcrsorge zu tun hat, unsere erstklassige 4%ige \u00d6lmischung steht bereit, einen Unterschied zu machen. Erh\u00f6hen Sie die Lebensqualit\u00e4t Ihres Haustiers und lassen Sie es die Vorteile unseres sorgf\u00e4ltig entwickelten \u00d6ls erfahren. Begr\u00fc\u00dfen Sie einen ganzheitlichen Ansatz f\u00fcr die Wellnessreise Ihres Hundes und machen Sie dieses au\u00dfergew\u00f6hnliche Produkt zu einem gesch\u00e4tzten Teil seiner t\u00e4glichen Routine.<\/p>\n","protected":false},"excerpt":{"rendered":"<div class=\"product-short-description\">\n<p>Verw\u00f6hnen Sie Ihren pelzigen Freund mit dieser erstklassigen 4%igen \u00d6lmischung und bieten Sie ihm die beruhigende Unterst\u00fctzung, die er verdient. Sorgf\u00e4ltig entwickelt, um Entspannung und Wohlbefinden zu f\u00f6rdern, pr\u00e4sentiert dieses Produkt ein nat\u00fcrliches Geschmacksprofil mit delikatem H\u00fchnchengeschmack. Steigern Sie die Lebensqualit\u00e4t Ihres Haustiers mit unserer spezialisierten Formel.<\/p>\n<\/div>\n","protected":false},"featured_media":119,"comment_status":"open","ping_status":"closed","template":"","meta":[],"product_cat":[15],"product_tag":[],"class_list":{"0":"post-118","1":"product","2":"type-product","3":"status-publish","4":"has-post-thumbnail","6":"product_cat-uncategorized","8":"first","9":"instock","10":"sale","11":"shipping-taxable","12":"purchasable","13":"product-type-simple"},"_links":{"self":[{"href":"https:\/\/nordic-oel.de\/index.php?rest_route=\/wp\/v2\/product\/118","targetHints":{"allow":["GET"]}}],"collection":[{"href":"https:\/\/nordic-oel.de\/index.php?rest_route=\/wp\/v2\/product"}],"about":[{"href":"https:\/\/nordic-oel.de\/index.php?rest_route=\/wp\/v2\/types\/product"}],"replies":[{"embeddable":true,"href":"https:\/\/nordic-oel.de\/index.php?rest_route=%2Fwp%2Fv2%2Fcomments&post=118"}],"wp:featuredmedia":[{"embeddable":true,"href":"https:\/\/nordic-oel.de\/index.php?rest_route=\/wp\/v2\/media\/119"}],"wp:attachment":[{"href":"https:\/\/nordic-oel.de\/index.php?rest_route=%2Fwp%2Fv2%2Fmedia&parent=118"}],"wp:term":[{"taxonomy":"product_cat","embeddable":true,"href":"https:\/\/nordic-oel.de\/index.php?rest_route=%2Fwp%2Fv2%2Fproduct_cat&post=118"},{"taxonomy":"product_tag","embeddable":true,"href":"https:\/\/nordic-oel.de\/index.php?rest_route=%2Fwp%2Fv2%2Fproduct_tag&post=118"}],"curies":[{"name":"wp","href":"https:\/\/api.w.org\/{rel}","templated":true}]}}